hat are the prime factors of 4499?
11, 409
What are the prime factors of 1127?
7, 23
List the prime factors of 1011.
3, 337
What are the prime factors of 49192?
2, 11, 13, 43
What are the prime factors of 16684?
2, 43, 97
What are the prime factors of 1140?
2, 3, 5, 19
What are the prime factors of 260?
2, 5, 13
What are the prime factors of 17579?
17579
What are the prime factors of 70629?
3, 13, 1811
What are the prime factors of 1727?
11, 157
List the prime factors of 26290.
2, 5, 11, 239
List the prime factors of 1730.
2, 5, 173
What are the prime factors of 977?
977
List the prime factors of 117686.
2, 19, 163
What are the prime factors of 313?
313
List the prime factors of 42861.
3, 7, 13, 157
What are the prime factors of 193?
193
What are the prime factors of 5838?
2, 3, 7, 139
What are the prime factors of 115132?
2, 107, 269
What are the prime factors of 169860?
2, 3, 5, 19, 149
What are the prime factors of 18394?
2, 17, 541
What are the prime factors of 1581?
3, 17, 31
What are the prime factors of 860?
2, 5, 43
List the prime factors of 13449.
3, 4483
What are the prime factors of 7660?
2, 5, 383
List the prime factors of 54275.
5, 13, 167
What are the prime factors of 6924?
2, 3, 577
What are the prime factors of 6887?
71, 97
What are the prime factors of 1274?
2, 7, 13
What are the prime factors of 18950?
2, 5, 379
What are the prime factors of 4320?
2, 3, 5
What are the prime factors of 8012?
2, 2003
List the prime factors of 1638.
2, 3, 7, 13
List the prime factors of 87804.
2, 3, 271
What are the prime factors of 24459?
3, 31, 263
List the prime factors of 114303.
3, 7, 5443
What are the prime factors of 1362?
2, 3, 227
What are the prime factors of 1426?
2, 23, 31
What are the prime factors of 62806?
2, 31, 1013
List the prime factors of 1866.
2, 3, 311
List the prime factors of 31011.
3, 10337
List the prime factors of 119098.
2, 7, 47, 181
What are the prime factors of 14250?
2, 3, 5, 19
List the prime factors of 970.
2, 5, 97
What are the prime factors of 3244?
2, 811
List the prime factors of 3285.
3, 5, 73
What are the prime factors of 7345?
5, 13, 113
What are the prime factors of 3862?
2, 1931
What are the prime factors of 45559?
29, 1571
List the prime factors of 17690.
2, 5, 29, 61
List the prime factors of 19740.
2, 3, 5, 7, 47
What are the prime factors of 3805?
5, 761
What are the prime factors of 533?
13, 41
List the prime factors of 1420.
2, 5, 71
List the prime factors of 45117.
3, 557
List the prime factors of 1769.
29, 61
List the prime factors of 62133.
3, 139, 149
List the prime factors of 22.
2, 11
What are the prime factors of 467?
467
List the prime factors of 1595.
5, 11, 29
List the prime factors of 62934.
2, 3, 17, 617
What are the prime factors of 716?
2, 179
List the prime factors of 25173.
3, 2797
List the prime factors of 75647.
11, 13, 23
List the prime factors of 82227.
3, 27409
List the prime factors of 474.
2, 3, 79
List the prime factors of 7015.
5, 23, 61
List the prime factors of 4548.
2, 3, 379
What are the prime factors of 3146?
2, 11, 13
List the prime factors of 40434.
2, 3, 23, 293
What are the prime factors of 10416?
2, 3, 7, 31
List the prime factors of 18290.
2, 5, 31, 59
List the prime factors of 3192.
2, 3, 7, 19
What are the prime factors of 23788?
2, 19, 313
List the prime factors of 81094.
2, 13, 3119
What are the prime factors of 402?
2, 3, 67
What are the prime factors of 1361?
1361
List the prime factors of 1790.
2, 5, 179
List the prime factors of 14404.
2, 13, 277
List the prime factors of 632.
2, 79
List the prime factors of 504.
2, 3, 7
List the prime factors of 9596.
2, 2399
List the prime factors of 3953.
59, 67
What are the prime factors of 4601?
43, 107
What are the prime factors of 958?
2, 479
List the prime factors of 2286.
2, 3, 127
What are the prime factors of 23587?
103, 229
What are the prime factors of 5483?
5483
List the prime factors of 31148.
2, 13, 599
List the prime factors of 1301.
1301
List the prime factors of 9802.
2, 13, 29
What are the prime factors of 17411?
23, 757
What are the prime factors of 1615?
5, 17, 19
List the prime factors of 14028.
2, 3, 7, 167
What are the prime factors of 5251?
59, 89
List the prime factors of 653.
653
List the prime factors of 81548.
2, 19, 29, 37
What are the prime factors of 18921?
3, 7, 17, 53
List the prime factors of 3210.
2, 3, 5, 107
What are the prime factors of 13089?
3, 4363
What are the prime factors of 270?
2, 3, 5
What are the prime factors of 12187?
7, 1741
List the prime factors of 1836.
2, 3, 17
What are the prime factors of 8152?
2, 1019
What are the prime factors of 32546?
2, 16273
List the prime factors of 775.
5, 31
List the prime factors of 15466.
2, 11, 19, 37
What are the prime factors of 9681?
3, 7, 461
List the prime factors of 5094.
2, 3, 283
List the prime factors of 80356.
2, 20089
List the prime factors of 89235.
3, 5, 661
What are the prime factors of 391?
17, 23
What are the prime factors of 11565?
3, 5, 257
List the prime factors of 1456.
2, 7, 13
What are the prime factors of 604?
2, 151
What are the prime factors of 648?
2, 3
What are the prime factors of 2061?
3, 229
List the prime factors of 23769.
3, 19, 139
What are the prime factors of 119113?
311, 383
What are the prime factors of 310?
2, 5, 31
List the prime factors of 102464.
2, 1601
What are the prime factors of 1077?
3, 359
What are the prime factors of 623?
7, 89
What are the prime factors of 64795?
5, 12959
List the prime factors of 2732.
2, 683
What are the prime factors of 145567?
23, 6329
What are the prime factors of 1710?
2, 3, 5, 19
List the prime factors of 138537.
3, 7, 733
What are the prime factors of 6619?
6619
List the prime factors of 112661.
113, 997
What are the prime factors of 52323?
3, 107, 163
List the prime factors of 18864.
2, 3, 131
List the prime factors of 1267.
7, 181
What are the prime factors of 798?
2, 3, 7, 19
What are the prime factors of 7037?
31, 227
What are the prime factors of 37?
37
List the prime factors of 24591.
3, 7, 1171
List the prime factors of 42085.
5, 19, 443
List the prime factors of 28487.
61, 467
What are the prime factors of 498?
2, 3, 83
What are the prime factors of 133926?
2, 3, 13, 17, 101
What are the prime factors of 7537?
7537
List the prime factors of 17300.
2, 5, 173
List the prime factors of 2144.
2, 67
List the prime factors of 3445.
5, 13, 53
List the prime factors of 1480.
2, 5, 37
What are the prime factors of 10062?
2, 3, 13, 43
List the prime factors of 7860.
2, 3, 5, 131
List the prime factors of 9717.
3, 41, 79
List the prime factors of 76.
2, 19
What are the prime factors of 990?
2, 3, 5, 11
What are the prime factors of 9535?
5, 1907
List the prime factors of 1048.
2, 131
List the prime factors of 1888.
2, 59
List the prime factors of 12022.
2, 6011
List the prime factors of 515.
5, 103
What are the prime factors of 1398?
2, 3, 233
What are the prime factors of 69670?
2, 5, 6967
What are the prime factors of 11111?
41, 271
What are the prime factors of 45594?
2, 3, 17, 149
What are the prime factors of 12787?
19, 673
What are the prime factors of 80276?
2, 7, 47, 61
List the prime factors of 3616.
2, 113
List the prime factors of 882.
2, 3, 7
What are the prime factors of 2184?
2, 3, 7, 13
List the prime factors of 12773.
53, 241
List the prime factors of 442.
2, 13, 17
What are the prime factors of 3830?
2, 5, 383
List the prime factors of 7746.
2, 3, 1291
What are the prime factors of 1535?
5, 307
What are the prime factors of 1560?
2, 3, 5, 13
List the prime factors of 2045.
5, 409
What are the prime factors of 805?
5, 7, 23
What are the prime factors of 1259?
1259
What are the prime factors of 25146?
2, 3, 11, 127
What are the prime factors of 8325?
3, 5, 37
What are the prime factors of 6941?
11, 631
What are the prime factors of 38637?
3, 53
What are the prime factors of 1352?
2, 13
What are the prime factors of 63742?
2, 7, 29, 157
What are the prime factors of 16058?
2, 7, 31, 37
What are the prime factors of 3284?
2, 821
List the prime factors of 17297.
7, 353
What are the prime factors of 4162?
2, 2081
What are the prime factors of 58221?
3, 6469
List the prime factors of 2617.
2617
List the prime factors of 781.
11, 71
What are the pri